{"id":1289,"date":"2023-09-14T10:39:14","date_gmt":"2023-09-14T08:39:14","guid":{"rendered":"https:\/\/www.binoval.com\/BINOVAL\/?page_id=1289"},"modified":"2023-09-14T23:21:00","modified_gmt":"2023-09-14T21:21:00","slug":"sav","status":"publish","type":"page","link":"https:\/\/www.binoval.com\/BINOVAL\/sav\/","title":{"rendered":"SAV"},"content":{"rendered":"\t\t<div data-elementor-type=\"wp-page\" data-elementor-id=\"1289\" class=\"elementor elementor-1289\">\n\t\t\t\t\t\t\t\t\t<section class=\"elementor-section elementor-top-section elementor-element elementor-element-d0af967 elementor-section-content-middle elementor-section-boxed elementor-section-height-default elementor-section-height-default\" data-id=\"d0af967\" data-element_type=\"section\" data-settings=\"{&quot;background_background&quot;:&quot;classic&quot;}\">\n\t\t\t\t\t\t\t<div class=\"elementor-background-overlay\"><\/div>\n\t\t\t\t\t\t\t<div class=\"elementor-container elementor-column-gap-no\">\n\t\t\t\t\t<div class=\"elementor-column elementor-col-100 elementor-top-column elementor-element elementor-element-2cdbeb4\" data-id=\"2cdbeb4\" data-element_type=\"column\">\n\t\t\t<div class=\"elementor-widget-wrap elementor-element-populated\">\n\t\t\t\t\t\t\t\t<div class=\"elementor-element elementor-element-3357ff9 elementor-widget elementor-widget-heading\" data-id=\"3357ff9\" data-element_type=\"widget\" data-widget_type=\"heading.default\">\n\t\t\t\t<div class=\"elementor-widget-container\">\n\t\t\t<style>\/*! elementor - v3.12.1 - 02-04-2023 *\/\n.elementor-heading-title{padding:0;margin:0;line-height:1}.elementor-widget-heading .elementor-heading-title[class*=elementor-size-]>a{color:inherit;font-size:inherit;line-height:inherit}.elementor-widget-heading .elementor-heading-title.elementor-size-small{font-size:15px}.elementor-widget-heading .elementor-heading-title.elementor-size-medium{font-size:19px}.elementor-widget-heading .elementor-heading-title.elementor-size-large{font-size:29px}.elementor-widget-heading .elementor-heading-title.elementor-size-xl{font-size:39px}.elementor-widget-heading .elementor-heading-title.elementor-size-xxl{font-size:59px}<\/style><h1 class=\"elementor-heading-title elementor-size-default\">SAV<\/h1>\t\t<\/div>\n\t\t\t\t<\/div>\n\t\t\t\t\t<\/div>\n\t\t<\/div>\n\t\t\t\t\t\t\t<\/div>\n\t\t<\/section>\n\t\t\t\t<section class=\"elementor-section elementor-top-section elementor-element elementor-element-684f3f7 elementor-section-content-middle elementor-section-boxed elementor-section-height-default elementor-section-height-default\" data-id=\"684f3f7\" data-element_type=\"section\" data-settings=\"{&quot;background_background&quot;:&quot;classic&quot;}\">\n\t\t\t\t\t\t<div class=\"elementor-container elementor-column-gap-no\">\n\t\t\t\t\t<div class=\"elementor-column elementor-col-50 elementor-top-column elementor-element elementor-element-c59e9ba\" data-id=\"c59e9ba\" data-element_type=\"column\">\n\t\t\t<div class=\"elementor-widget-wrap elementor-element-populated\">\n\t\t\t\t\t\t\t\t<div class=\"elementor-element elementor-element-3155893 elementor-widget elementor-widget-heading\" data-id=\"3155893\" data-element_type=\"widget\" data-widget_type=\"heading.default\">\n\t\t\t\t<div class=\"elementor-widget-container\">\n\t\t\t<h2 class=\"elementor-heading-title elementor-size-default\"><span style=\"color: var(--ast-global-color-2); font-size: 2rem; white-space-collapse: collapse; background-color: var(--ast-global-color-5);\">SAV<\/span><\/h2>\t\t<\/div>\n\t\t\t\t<\/div>\n\t\t\t\t<div class=\"elementor-element elementor-element-b800429 elementor-widget elementor-widget-text-editor\" data-id=\"b800429\" data-element_type=\"widget\" data-widget_type=\"text-editor.default\">\n\t\t\t\t<div class=\"elementor-widget-container\">\n\t\t\t<style>\/*! elementor - v3.12.1 - 02-04-2023 *\/\n.elementor-widget-text-editor.elementor-drop-cap-view-stacked .elementor-drop-cap{background-color:#69727d;color:#fff}.elementor-widget-text-editor.elementor-drop-cap-view-framed .elementor-drop-cap{color:#69727d;border:3px solid;background-color:transparent}.elementor-widget-text-editor:not(.elementor-drop-cap-view-default) .elementor-drop-cap{margin-top:8px}.elementor-widget-text-editor:not(.elementor-drop-cap-view-default) .elementor-drop-cap-letter{width:1em;height:1em}.elementor-widget-text-editor .elementor-drop-cap{float:left;text-align:center;line-height:1;font-size:50px}.elementor-widget-text-editor .elementor-drop-cap-letter{display:inline-block}<\/style>\t\t\t\t<p>La relation avec nos clients ne s\u2019arr\u00eate pas \u00e0 la livraison de la commande. Nous sommes conscients que la performance du service apr\u00e8s-vente est primordiale pour satisfaire et fid\u00e9liser nos clients<\/p><p>Nous sommes toujours \u00e0 l\u2019\u00e9coute de nos clients pour prendre en consid\u00e9ration tous leurs besoins et les traiter avec efficacit\u00e9 en mettant \u00e0 leurs dispositions une \u00e9quipe tr\u00e8s active d\u2019ing\u00e9nieurs, de techniciens et de partenaires hautement comp\u00e9tents qui fournit un service et une assistance de classe mondiale tout au long du cycle de vie de nos \u00e9quipements:\u00a0<\/p><p>Nous assurons \u00e0 nos clients :\u00a0<\/p><p><span style=\"font-family: Cambria, serif;\">&#8211; l&#8217;installation conforme des \u00e9quipements<\/span><\/p><p><span style=\"font-family: Cambria, serif;\">&#8211; la formation du personnel pour maintenir les \u00e9quipements dans des conditions favorables\u00a0 \u00a0<\/span><\/p><p><span style=\"font-family: Cambria, serif;\">&#8211; la disponibilt\u00e9 des pi\u00e8ces de rechange n\u00e9cessaires en cas de panne<\/span><\/p><p><span style=\"font-family: Cambria, serif;\">&#8211; assistance t\u00e9l\u00e9phonique \u00e0 la demande\u00a0\u00a0<\/span><\/p><p><span style=\"font-family: Cambria, serif;\">&#8211; la maintenance pr\u00e9ventive et curative\u00a0\u00a0<\/span><\/p><p><span style=\"font-family: Cambria, serif;\">&#8211; la gestion de la maintenance par ordinateur\u00a0<\/span><\/p><p><span style=\"font-family: Cambria, serif;\">&#8211; l&#8217;\u00e9conomie d&#8217;\u00e9nergie\u00a0<\/span><\/p>\t\t\t\t\t\t<\/div>\n\t\t\t\t<\/div>\n\t\t\t\t\t<\/div>\n\t\t<\/div>\n\t\t\t\t<div class=\"elementor-column elementor-col-50 elementor-top-column elementor-element elementor-element-1000df3\" data-id=\"1000df3\" data-element_type=\"column\">\n\t\t\t<div class=\"elementor-widget-wrap elementor-element-populated\">\n\t\t\t\t\t\t\t\t<div class=\"elementor-element elementor-element-5f0583e elementor-widget elementor-widget-image\" data-id=\"5f0583e\" data-element_type=\"widget\" data-widget_type=\"image.default\">\n\t\t\t\t<div class=\"elementor-widget-container\">\n\t\t\t<style>\/*! elementor - v3.12.1 - 02-04-2023 *\/\n.elementor-widget-image{text-align:center}.elementor-widget-image a{display:inline-block}.elementor-widget-image a img[src$=\".svg\"]{width:48px}.elementor-widget-image img{vertical-align:middle;display:inline-block}<\/style>\t\t\t\t\t\t\t\t\t\t\t\t<img loading=\"lazy\" decoding=\"async\" width=\"474\" height=\"253\" src=\"https:\/\/www.binoval.com\/BINOVAL\/wp-content\/uploads\/2023\/09\/image-2.png\" class=\"attachment-full size-full wp-image-1294\" alt=\"\" srcset=\"https:\/\/www.binoval.com\/BINOVAL\/wp-content\/uploads\/2023\/09\/image-2.png 474w, https:\/\/www.binoval.com\/BINOVAL\/wp-content\/uploads\/2023\/09\/image-2-300x160.png 300w\" sizes=\"auto, (max-width: 474px) 100vw, 474px\" \/>\t\t\t\t\t\t\t\t\t\t\t\t\t\t\t<\/div>\n\t\t\t\t<\/div>\n\t\t\t\t\t<\/div>\n\t\t<\/div>\n\t\t\t\t\t\t\t<\/div>\n\t\t<\/section>\n\t\t\t\t\t\t\t<\/div>\n\t\t","protected":false},"excerpt":{"rendered":"<p>SAV SAV La relation avec nos clients ne s\u2019arr\u00eate pas \u00e0 la livraison de la commande. Nous sommes conscients que la performance du service apr\u00e8s-vente est primordiale pour satisfaire et fid\u00e9liser nos clients Nous sommes toujours \u00e0 l\u2019\u00e9coute de nos clients pour prendre en consid\u00e9ration tous leurs besoins et les traiter avec efficacit\u00e9 en mettant &hellip;<\/p>\n<p class=\"read-more\"> <a class=\"\" href=\"https:\/\/www.binoval.com\/BINOVAL\/sav\/\"> <span class=\"screen-reader-text\">SAV<\/span> Lire la suite\u00a0\u00bb<\/a><\/p>\n","protected":false},"author":1,"featured_media":0,"parent":0,"menu_order":0,"comment_status":"closed","ping_status":"closed","template":"","meta":{"site-sidebar-layout":"no-sidebar","site-content-layout":"page-builder","ast-global-header-display":"","ast-main-header-display":"","ast-hfb-above-header-display":"","ast-hfb-below-header-display":"","ast-hfb-mobile-header-display":"","site-post-title":"disabled","ast-breadcrumbs-content":"","ast-featured-img":"disabled","footer-sml-layout":"","theme-transparent-header-meta":"","adv-header-id-meta":"","stick-header-meta":"","header-above-stick-meta":"","header-main-stick-meta":"","header-below-stick-meta":"","footnotes":""},"class_list":["post-1289","page","type-page","status-publish","hentry"],"_links":{"self":[{"href":"https:\/\/www.binoval.com\/BINOVAL\/wp-json\/wp\/v2\/pages\/1289","targetHints":{"allow":["GET"]}}],"collection":[{"href":"https:\/\/www.binoval.com\/BINOVAL\/wp-json\/wp\/v2\/pages"}],"about":[{"href":"https:\/\/www.binoval.com\/BINOVAL\/wp-json\/wp\/v2\/types\/page"}],"author":[{"embeddable":true,"href":"https:\/\/www.binoval.com\/BINOVAL\/wp-json\/wp\/v2\/users\/1"}],"replies":[{"embeddable":true,"href":"https:\/\/www.binoval.com\/BINOVAL\/wp-json\/wp\/v2\/comments?post=1289"}],"version-history":[{"count":10,"href":"https:\/\/www.binoval.com\/BINOVAL\/wp-json\/wp\/v2\/pages\/1289\/revisions"}],"predecessor-version":[{"id":1310,"href":"https:\/\/www.binoval.com\/BINOVAL\/wp-json\/wp\/v2\/pages\/1289\/revisions\/1310"}],"wp:attachment":[{"href":"https:\/\/www.binoval.com\/BINOVAL\/wp-json\/wp\/v2\/media?parent=1289"}],"curies":[{"name":"wp","href":"https:\/\/api.w.org\/{rel}","templated":true}]}}